1, 991
What are the prime factors of 21926?
2, 19, 577
List the prime factors of 10982.
2, 17, 19
What are the prime factors of 1242?
2, 3, 23
What are the prime factors of 7961?
19, 419
What are the prime factors of 3413?
3413
List the prime factors of 34619.
13, 2663
What are the prime factors of 1971?
3, 73
What are the prime factors of 8518?
2, 4259
What are the prime factors of 15859?
15859
List the prime factors of 14238.
2, 3, 7, 113
List the prime factors of 11814.
2, 3, 11, 179
List the prime factors of 6623.
37, 179
List the prime factors of 2963.
2963
List the prime factors of 47458.
2, 61, 389
List the prime factors of 138749.
13, 821
What are the prime factors of 16873?
47, 359
What are the prime factors of 517?
11, 47
List the prime factors of 26221.
13, 2017
List the prime factors of 11314.
2, 5657
List the prime factors of 1751.
17, 103
List the prime factors of 3267.
3, 11
List the prime factors of 827.
827
What are the prime factors of 1190?
2, 5, 7, 17
What are the prime factors of 46344?
2, 3, 1931
What are the prime factors of 1143?
3, 127
What are the prime factors of 3209?
3209
List the prime factors of 28759.
28759
What are the prime factors of 1938?
2, 3, 17, 19
What are the prime factors of 5783?
5783
List the prime factors of 11367.
3, 421
What are the prime factors of 1913?
1913
What are the prime factors of 32034?
2, 3, 19, 281
What are the prime factors of 216?
2, 3
What are the prime factors of 1368?
2, 3, 19
List the prime factors of 1502.
2, 751
What are the prime factors of 4236?
2, 3, 353
List the prime factors of 41075.
5, 31, 53
List the prime factors of 229.
229
List the prime factors of 7538.
2, 3769
What are the prime factors of 252?
2, 3, 7
List the prime factors of 7143.
3, 2381
List the prime factors of 10455.
3, 5, 17, 41
List the prime factors of 4806.
2, 3, 89
What are the prime factors of 926?
2, 463
List the prime factors of 48732.
2, 3, 31, 131
List the prime factors of 20873.
20873
List the prime factors of 921.
3, 307
List the prime factors of 45086.
2, 22543
What are the prime factors of 14853?
3, 4951
List the prime factors of 614.
2, 307
What are the prime factors of 863?
863
List the prime factors of 94084.
2, 43, 547
List the prime factors of 1055.
5, 211
What are the prime factors of 486?
2, 3
List the prime factors of 70538.
2, 13, 2713
What are the prime factors of 11353?
11353
What are the prime factors of 17684?
2, 4421
What are the prime factors of 34906?
2, 31, 563
List the prime factors of 974.
2, 487
What are the prime factors of 155634?
2, 3, 25939
List the prime factors of 814.
2, 11, 37
List the prime factors of 8597.
8597
List the prime factors of 1883.
7, 269
What are the prime factors of 8524?
2, 2131
What are the prime factors of 1377?
3, 17
List the prime factors of 1345.
5, 269
List the prime factors of 33970.
2, 5, 43, 79
What are the prime factors of 2772?
2, 3, 7, 11
List the prime factors of 130236.
2, 3, 10853
What are the prime factors of 62521?
103, 607
What are the prime factors of 964?
2, 241
What are the prime factors of 13657?
7, 1951
What are the prime factors of 3373?
3373
List the prime factors of 3016.
2, 13, 29
What are the prime factors of 2165?
5, 433
List the prime factors of 9590.
2, 5, 7, 137
List the prime factors of 2059.
29, 71
What are the prime factors of 30065?
5, 7, 859
List the prime factors of 8707.
8707
What are the prime factors of 16366?
2, 7, 167
What are the prime factors of 8228?
2, 11, 17
List the prime factors of 2087.
2087
What are the prime factors of 24933?
3, 8311
List the prime factors of 38008.
2, 4751
List the prime factors of 4587.
3, 11, 139
List the prime factors of 8009.
8009
What are the prime factors of 106156?
2, 26539
List the prime factors of 3541.
3541
What are the prime factors of 68393?
13, 5261
What are the prime factors of 3178?
2, 7, 227
List the prime factors of 3958.
2, 1979
List the prime factors of 7020.
2, 3, 5, 13
List the prime factors of 1332.
2, 3, 37
What are the prime factors of 36843?
3, 12281
What are the prime factors of 17072?
2, 11, 97
What are the prime factors of 1348?
2, 337
List the prime factors of 782.
2, 17, 23
What are the prime factors of 814?
2, 11, 37
What are the prime factors of 43199?
13, 3323
What are the prime factors of 13131?
3, 1459
What are the prime factors of 5317?
13, 409
What are the prime factors of 3973?
29, 137
List the prime factors of 12145.
5, 7, 347
List the prime factors of 66398.
2, 33199
What are the prime factors of 127484?
2, 7, 29, 157
List the prime factors of 56.
2, 7
List the prime factors of 9580.
2, 5, 479
What are the prime factors of 44190?
2, 3, 5, 491
List the prime factors of 83168.
2, 23, 113
What are the prime factors of 54?
2, 3
List the prime factors of 1784.
2, 223
List the prime factors of 17732.
2, 11, 13, 31
What are the prime factors of 5809?
37, 157
What are the prime factors of 1654?
2, 827
List the prime factors of 3018.
2, 3, 503
List the prime factors of 10951.
47, 233
List the prime factors of 39959.
31, 1289
List the prime factors of 4289.
4289
List the prime factors of 11578.
2, 7, 827
What are the prime factors of 1838?
2, 919
List the prime factors of 22197.
3, 7, 151
List the prime factors of 5999.
7, 857
What are the prime factors of 2566?
2, 1283
What are the prime factors of 388?
2, 97
What are the prime factors of 15946?
2, 7, 17, 67
What are the prime factors of 997?
997
What are the prime factors of 14931?
3, 7, 79
List the prime factors of 2142.
2, 3, 7, 17
List the prime factors of 185348.
2, 46337
List the prime factors of 317.
317
What are the prime factors of 2086?
2, 7, 149
What are the prime factors of 3011?
3011
List the prime factors of 5979.
3, 1993
List the prime factors of 1154.
2, 577
What are the prime factors of 30726?
2, 3, 569
List the prime factors of 253.
11, 23
List the prime factors of 9228.
2, 3, 769
What are the prime factors of 80218?
2, 19, 2111
List the prime factors of 23723.
7, 3389
What are the prime factors of 72638?
2, 36319
What are the prime factors of 450?
2, 3, 5
List the prime factors of 14713.
14713
List the prime factors of 20386.
2, 10193
What are the prime factors of 145?
5, 29
List the prime factors of 24043.
24043
List the prime factors of 13565.
5, 2713
What are the prime factors of 7628?
2, 1907
What are the prime factors of 183641?
409, 449
What are the prime factors of 23078?
2, 11, 1049
List the prime factors of 38834.
2, 19417
What are the prime factors of 23380?
2, 5, 7, 167
List the prime factors of 15348.
2, 3, 1279
List the prime factors of 645.
3, 5, 43
List the prime factors of 75426.
2, 3, 13, 967
List the prime factors of 6625.
5, 53
List the prime factors of 15175.
5, 607
List the prime factors of 2730.
2, 3, 5, 7, 13
List the prime factors of 4783.
4783
List the prime factors of 249.
3, 83
List the prime factors of 8407.
7, 1201
What are the prime factors of 1429?
1429
List the prime factors of 55808.
2, 109
What are the prime factors of 154?
2, 7, 11
List the prime factors of 15712.
2, 491
What are the prime factors of 108527?
41, 2647
List the prime factors of 247.
13, 19
List the prime factors of 17687.
23, 769
What are the prime factors of 649?
11, 59
What are the prime factors of 1131?
3, 13, 29
List the prime factors of 85366.
2, 42683
List the prime factors of 7281.
3, 809
What are the prime factors of 16449?
3, 5483
What are the prime factors of 803?
11, 73
List the prime factors of 224.
2, 7
List the prime factors of 16.
2
What are the prime factors of 1679?
23, 73
List the prime factors of 20491.
31, 661
What are the prime factors of 8328?
2, 3, 347
What are the prime factors of 1477?
7, 211
List the prime factors of 145.
5, 29
What are the prime factors of 249?
3, 83
List the prime factors of 2503.
2503
What are the prime factors of 10033?
79, 127
What are the prime factors of 10115?
5, 7, 17
List the prime factors of 1083.
3, 19
List the prime factors of 44.
2, 11
What are the prime factors of 10533?
3, 3511
What are the prime factors of 2410?
2, 5, 241
List the prime factors of 38229.
3, 12743
What are the prime factors of 1128?
2, 3, 47
List the prime factors of 839.
839
What are the prime factors of 20243?
31, 653
What are the prime factors of 1049